{"id":617,"date":"2019-10-25T09:50:44","date_gmt":"2019-10-25T09:50:44","guid":{"rendered":"http:\/\/demo.athemes.com\/sydney-redesign\/?page_id=13"},"modified":"2021-05-17T17:23:41","modified_gmt":"2021-05-17T20:23:41","slug":"home","status":"publish","type":"page","link":"https:\/\/cultura.riohurtado.cl\/","title":{"rendered":"My front page"},"content":{"rendered":"\t\t<div data-elementor-type=\"wp-page\" data-elementor-id=\"617\" class=\"elementor elementor-617\" data-elementor-settings=\"[]\">\n\t\t\t\t\t\t\t<div class=\"elementor-section-wrap\">\n\t\t\t\t\t\t\t<section class=\"elementor-section elementor-top-section elementor-element elementor-element-c70e9bc elementor-section-boxed elementor-section-height-default elementor-section-height-default\" data-id=\"c70e9bc\" data-element_type=\"section\">\n\t\t\t\t\t\t<div class=\"elementor-container elementor-column-gap-default\">\n\t\t\t\t\t<div class=\"elementor-column elementor-col-100 elementor-top-column elementor-element elementor-element-34fe3b8\" data-id=\"34fe3b8\" data-element_type=\"column\">\n\t\t\t<div class=\"elementor-widget-wrap elementor-element-populated\">\n\t\t\t\t\t\t\t\t<div class=\"elementor-element elementor-element-fa9e0c1 elementor-widget elementor-widget-spacer\" data-id=\"fa9e0c1\" data-element_type=\"widget\" data-widget_type=\"spacer.default\">\n\t\t\t\t<div class=\"elementor-widget-container\">\n\t\t\t\t\t<div class=\"elementor-spacer\">\n\t\t\t<div class=\"elementor-spacer-inner\"><\/div>\n\t\t<\/div>\n\t\t\t\t<\/div>\n\t\t\t\t<\/div>\n\t\t\t\t\t<\/div>\n\t\t<\/div>\n\t\t\t\t\t\t\t<\/div>\n\t\t<\/section>\n\t\t\t\t<section class=\"elementor-section elementor-top-section elementor-element elementor-element-ddf48aa elementor-section-boxed elementor-section-height-default elementor-section-height-default\" data-id=\"ddf48aa\" data-element_type=\"section\">\n\t\t\t\t\t\t<div class=\"elementor-container elementor-column-gap-default\">\n\t\t\t\t\t<div class=\"elementor-column elementor-col-50 elementor-top-column elementor-element elementor-element-2253cb9\" data-id=\"2253cb9\" data-element_type=\"column\">\n\t\t\t<div class=\"elementor-widget-wrap elementor-element-populated\">\n\t\t\t\t\t\t\t\t<div class=\"elementor-element elementor-element-d29d24f elementor-widget elementor-widget-heading\" data-id=\"d29d24f\" data-element_type=\"widget\" data-widget_type=\"heading.default\">\n\t\t\t\t<div class=\"elementor-widget-container\">\n\t\t\t<h1 class=\"elementor-heading-title elementor-size-default\">Or\u00edgenes e Historia<\/h1>\t\t<\/div>\n\t\t\t\t<\/div>\n\t\t\t\t<div class=\"elementor-element elementor-element-7479f1c elementor-widget elementor-widget-heading\" data-id=\"7479f1c\" data-element_type=\"widget\" data-widget_type=\"heading.default\">\n\t\t\t\t<div class=\"elementor-widget-container\">\n\t\t\t<h3 class=\"elementor-heading-title elementor-size-small\">Los y las habitantes de la comuna se remontan a per\u00edodos pasados hace 10.000-\n15.000 a\u00f1os. Son diversas las culturas que han habitado la sub cuenca de R\u00edo\nHurtado, en donde estas intercambiaban recursos y saberes desde la costa hac\u00eda\nel interior, diversificando sus conocimientos. Las excavaciones realizadas en el\nsector datan de hace 10.000 a\u00f1os y dejan en evidencia la existencia de habitantes\nlos cuales cazaban y ocupaban los huesos como herramientas, adem\u00e1s de ser\nagricultores y realizar actividades de pastoreo. Los primeros ind\u00edgenas de los que se\ntiene registro son conocidos como \u201cEl Molle\u201d, con el pasar de los a\u00f1os y los cambios\npoblacionales otra cultura se hizo presente en la zona, conocidos como \u201cLas\n\u00c1nimas\u201d, de la cual provienen los Diaguitas (PADEM R\u00edo Hurtado, 2018).\nHaciendo \u00e9nfasis en lo anterior queda claro que los or\u00edgenes de la zona son\nmulticulturales y se remontan a per\u00edodos muy antiguos, en donde las culturas m\u00e1s\nrecordadas son las comunidades diaguitas, las cuales se asentaron en varios\npoblados del Norte Chico, trabajaron la alfarer\u00eda, cer\u00e1micas, agricultura y\npastoreo, de la cual a\u00fan se encuentran vestigios en investigaciones arqueol\u00f3gicas,\nposteriormente estas comunidades perecieron bajo la expansi\u00f3n del imperio Inca\n(1.470) la cual pas\u00f3 a reemplazar y mezclarse con la cultura diaguita, dando origen\nal pasado \u00e9tnico e ind\u00edgena m\u00e1s reconocido de la comuna. (Troncoso et al., 2016).\nEs reconocido otro per\u00edodo significativo en la historia tanto para la comuna de R\u00edo\nHurtado como para el territorio nacional en general, el per\u00edodo de la colonizaci\u00f3n.\n<\/h3>\t\t<\/div>\n\t\t\t\t<\/div>\n\t\t\t\t\t<\/div>\n\t\t<\/div>\n\t\t\t\t<div class=\"elementor-column elementor-col-50 elementor-top-column elementor-element elementor-element-2098464\" data-id=\"2098464\" data-element_type=\"column\">\n\t\t\t<div class=\"elementor-widget-wrap elementor-element-populated\">\n\t\t\t\t\t\t\t\t<div class=\"elementor-element elementor-element-d255edf elementor-widget elementor-widget-image\" data-id=\"d255edf\" data-element_type=\"widget\" data-widget_type=\"image.default\">\n\t\t\t\t<div class=\"elementor-widget-container\">\n\t\t\t\t\t\t\t\t\t\t\t\t\t\t\t<img width=\"1280\" height=\"720\" src=\"https:\/\/cultura.riohurtado.cl\/wp-content\/uploads\/2021\/05\/Petroglifos-comuna-Rio-Hurtado.jpg\" class=\"attachment-2048x2048 size-2048x2048\" alt=\"\" loading=\"lazy\" srcset=\"https:\/\/cultura.riohurtado.cl\/wp-content\/uploads\/2021\/05\/Petroglifos-comuna-Rio-Hurtado.jpg 1280w, https:\/\/cultura.riohurtado.cl\/wp-content\/uploads\/2021\/05\/Petroglifos-comuna-Rio-Hurtado-300x169.jpg 300w, https:\/\/cultura.riohurtado.cl\/wp-content\/uploads\/2021\/05\/Petroglifos-comuna-Rio-Hurtado-1024x576.jpg 1024w, https:\/\/cultura.riohurtado.cl\/wp-content\/uploads\/2021\/05\/Petroglifos-comuna-Rio-Hurtado-768x432.jpg 768w, https:\/\/cultura.riohurtado.cl\/wp-content\/uploads\/2021\/05\/Petroglifos-comuna-Rio-Hurtado-830x467.jpg 830w, https:\/\/cultura.riohurtado.cl\/wp-content\/uploads\/2021\/05\/Petroglifos-comuna-Rio-Hurtado-230x129.jpg 230w, https:\/\/cultura.riohurtado.cl\/wp-content\/uploads\/2021\/05\/Petroglifos-comuna-Rio-Hurtado-350x197.jpg 350w, https:\/\/cultura.riohurtado.cl\/wp-content\/uploads\/2021\/05\/Petroglifos-comuna-Rio-Hurtado-480x270.jpg 480w\" sizes=\"(max-width: 1280px) 100vw, 1280px\" \/>\t\t\t\t\t\t\t\t\t\t\t\t\t\t\t<\/div>\n\t\t\t\t<\/div>\n\t\t\t\t\t<\/div>\n\t\t<\/div>\n\t\t\t\t\t\t\t<\/div>\n\t\t<\/section>\n\t\t\t\t<section class=\"elementor-section elementor-top-section elementor-element elementor-element-2c063dc elementor-section-boxed elementor-section-height-default elementor-section-height-default\" data-id=\"2c063dc\" data-element_type=\"section\">\n\t\t\t\t\t\t<div class=\"elementor-container elementor-column-gap-default\">\n\t\t\t\t\t<div class=\"elementor-column elementor-col-100 elementor-top-column elementor-element elementor-element-0073543\" data-id=\"0073543\" data-element_type=\"column\">\n\t\t\t<div class=\"elementor-widget-wrap\">\n\t\t\t\t\t\t\t\t\t<\/div>\n\t\t<\/div>\n\t\t\t\t\t\t\t<\/div>\n\t\t<\/section>\n\t\t\t\t\t\t<\/div>\n\t\t\t\t\t<\/div>\n\t\t","protected":false},"excerpt":{"rendered":"<p>Or\u00edgenes e Historia Los y las habitantes de la comuna se remontan a per\u00edodos pasados hace 10.000- 15.000 a\u00f1os. Son diversas las culturas que han habitado la sub cuenca de R\u00edo Hurtado, en donde estas intercambiaban recursos y saberes desde la costa hac\u00eda el interior, diversificando sus conocimientos. Las excavaciones realizadas en el sector datan [&hellip;]<\/p>\n","protected":false},"author":1,"featured_media":0,"parent":0,"menu_order":0,"comment_status":"closed","ping_status":"closed","template":"page-templates\/page_front-page.php","meta":[],"_links":{"self":[{"href":"https:\/\/cultura.riohurtado.cl\/index.php?rest_route=\/wp\/v2\/pages\/617"}],"collection":[{"href":"https:\/\/cultura.riohurtado.cl\/index.php?rest_route=\/wp\/v2\/pages"}],"about":[{"href":"https:\/\/cultura.riohurtado.cl\/index.php?rest_route=\/wp\/v2\/types\/page"}],"author":[{"embeddable":true,"href":"https:\/\/cultura.riohurtado.cl\/index.php?rest_route=\/wp\/v2\/users\/1"}],"replies":[{"embeddable":true,"href":"https:\/\/cultura.riohurtado.cl\/index.php?rest_route=%2Fwp%2Fv2%2Fcomments&post=617"}],"version-history":[{"count":9,"href":"https:\/\/cultura.riohurtado.cl\/index.php?rest_route=\/wp\/v2\/pages\/617\/revisions"}],"predecessor-version":[{"id":656,"href":"https:\/\/cultura.riohurtado.cl\/index.php?rest_route=\/wp\/v2\/pages\/617\/revisions\/656"}],"wp:attachment":[{"href":"https:\/\/cultura.riohurtado.cl\/index.php?rest_route=%2Fwp%2Fv2%2Fmedia&parent=617"}],"curies":[{"name":"wp","href":"https:\/\/api.w.org\/{rel}","templated":true}]}}